{"id":117,"date":"2024-10-13T22:35:06","date_gmt":"2024-10-13T20:35:06","guid":{"rendered":"http:\/\/www.bengaldesterresdeneith.fr\/?page_id=117"},"modified":"2024-12-15T18:04:10","modified_gmt":"2024-12-15T17:04:10","slug":"expositions-felines","status":"publish","type":"page","link":"https:\/\/www.bengaldesterresdeneith.fr\/index.php\/expositions-felines\/","title":{"rendered":"Expositions f\u00e9lines"},"content":{"rendered":"\n<div class=\"wp-block-group alignfull has-global-padding is-layout-constrained wp-container-core-group-is-layout-490fa1db wp-block-group-is-layout-constrained\" style=\"padding-top:var(--wp--preset--spacing--50);padding-right:var(--wp--preset--spacing--50);padding-bottom:var(--wp--preset--spacing--50);padding-left:var(--wp--preset--spacing--50)\">\n<div class=\"wp-block-group has-global-padding is-layout-constrained wp-container-core-group-is-layout-650790e1 wp-block-group-is-layout-constrained\">\n<h1 class=\"wp-block-heading has-text-align-center has-x-large-font-size\">Les expositions sont toujours l&#8217;occasion de d\u00e9couvrir et de red\u00e9couvrir sa race<\/h1>\n\n\n\n<div style=\"height:1.25rem\" aria-hidden=\"true\" class=\"wp-block-spacer\"><\/div>\n\n\n\n<p class=\"has-text-align-center\">Elles permettent de prendre connaissance du standard de la race et sont le meilleur moyen pour \u00e9voluer et apprendre. C&#8217;est toujours avec plaisir que nous participons \u00e0 des expositions f\u00e9lines et voici quelques photos de ces moments conviviaux avec les autres amis \u00e9leveurs qui partagent la passion du bengal.<\/p>\n\n\n\n<div style=\"height:1.25rem\" aria-hidden=\"true\" class=\"wp-block-spacer\"><\/div>\n\n\n\n<div class=\"wp-block-buttons is-content-justification-center is-layout-flex wp-container-core-buttons-is-layout-a89b3969 wp-block-buttons-is-layout-flex\">\n<div class=\"wp-block-button\"><a class=\"wp-block-button__link wp-element-button\">\u00c0 propos<\/a><\/div>\n<\/div>\n\n\n\n<div style=\"height:var(--wp--preset--spacing--30)\" aria-hidden=\"true\" class=\"wp-block-spacer\"><\/div>\n\n\n\n<figure class=\"wp-block-image alignwide size-full is-style-rounded is-style-rounded--1\"><img loading=\"lazy\" decoding=\"async\" width=\"1079\" height=\"720\" src=\"http:\/\/www.bengaldesterresdeneith.fr\/wp-content\/uploads\/2024\/10\/FB_IMG_1682959484588.jpg\" alt=\"\" class=\"wp-image-66\" srcset=\"https:\/\/www.bengaldesterresdeneith.fr\/wp-content\/uploads\/2024\/10\/FB_IMG_1682959484588.jpg 1079w, https:\/\/www.bengaldesterresdeneith.fr\/wp-content\/uploads\/2024\/10\/FB_IMG_1682959484588-300x200.jpg 300w, https:\/\/www.bengaldesterresdeneith.fr\/wp-content\/uploads\/2024\/10\/FB_IMG_1682959484588-1024x683.jpg 1024w, https:\/\/www.bengaldesterresdeneith.fr\/wp-content\/uploads\/2024\/10\/FB_IMG_1682959484588-768x512.jpg 768w\" sizes=\"auto, (max-width: 1079px) 100vw, 1079px\" \/><\/figure>\n<\/div>\n\n\n\n<figure class=\"wp-block-image size-full\"><img loading=\"lazy\" decoding=\"async\" width=\"720\" height=\"960\" src=\"http:\/\/www.bengaldesterresdeneith.fr\/wp-content\/uploads\/2024\/10\/FB_IMG_1699224371284.jpg\" alt=\"\" class=\"wp-image-71\" srcset=\"https:\/\/www.bengaldesterresdeneith.fr\/wp-content\/uploads\/2024\/10\/FB_IMG_1699224371284.jpg 720w, https:\/\/www.bengaldesterresdeneith.fr\/wp-content\/uploads\/2024\/10\/FB_IMG_1699224371284-225x300.jpg 225w\" sizes=\"auto, (max-width: 720px) 100vw, 720px\" \/><\/figure>\n\n\n\n<figure class=\"wp-block-image size-large\"><img loading=\"lazy\" decoding=\"async\" width=\"768\" height=\"1024\" src=\"http:\/\/www.bengaldesterresdeneith.fr\/wp-content\/uploads\/2024\/10\/IMG-20220918-WA00091-768x1024.jpg\" alt=\"\" class=\"wp-image-45\" srcset=\"https:\/\/www.bengaldesterresdeneith.fr\/wp-content\/uploads\/2024\/10\/IMG-20220918-WA00091-768x1024.jpg 768w, https:\/\/www.bengaldesterresdeneith.fr\/wp-content\/uploads\/2024\/10\/IMG-20220918-WA00091-225x300.jpg 225w, https:\/\/www.bengaldesterresdeneith.fr\/wp-content\/uploads\/2024\/10\/IMG-20220918-WA00091-1152x1536.jpg 1152w, https:\/\/www.bengaldesterresdeneith.fr\/wp-content\/uploads\/2024\/10\/IMG-20220918-WA00091.jpg 1200w\" sizes=\"auto, (max-width: 768px) 100vw, 768px\" \/><\/figure>\n\n\n\n<div class=\"wp-block-columns is-layout-flex wp-container-core-columns-is-layout-28f84493 wp-block-columns-is-layout-flex\">\n<div class=\"wp-block-column is-layout-flow wp-block-column-is-layout-flow\">\n<figure class=\"wp-block-image size-full\"><img loading=\"lazy\" decoding=\"async\" width=\"768\" height=\"1024\" src=\"http:\/\/www.bengaldesterresdeneith.fr\/wp-content\/uploads\/2024\/10\/IMG-20220918-WA0004.jpg\" alt=\"\" class=\"wp-image-44\" srcset=\"https:\/\/www.bengaldesterresdeneith.fr\/wp-content\/uploads\/2024\/10\/IMG-20220918-WA0004.jpg 768w, https:\/\/www.bengaldesterresdeneith.fr\/wp-content\/uploads\/2024\/10\/IMG-20220918-WA0004-225x300.jpg 225w\" sizes=\"auto, (max-width: 768px) 100vw, 768px\" \/><\/figure>\n<\/div>\n<\/div>\n\n\n\n<figure class=\"wp-block-image size-large\"><img loading=\"lazy\" decoding=\"async\" width=\"1024\" height=\"683\" src=\"http:\/\/www.bengaldesterresdeneith.fr\/wp-content\/uploads\/2024\/10\/FB_IMG_1680539973812-1024x683.jpg\" alt=\"\" class=\"wp-image-60\" srcset=\"https:\/\/www.bengaldesterresdeneith.fr\/wp-content\/uploads\/2024\/10\/FB_IMG_1680539973812-1024x683.jpg 1024w, https:\/\/www.bengaldesterresdeneith.fr\/wp-content\/uploads\/2024\/10\/FB_IMG_1680539973812-300x200.jpg 300w, https:\/\/www.bengaldesterresdeneith.fr\/wp-content\/uploads\/2024\/10\/FB_IMG_1680539973812-768x512.jpg 768w, https:\/\/www.bengaldesterresdeneith.fr\/wp-content\/uploads\/2024\/10\/FB_IMG_1680539973812.jpg 1079w\" sizes=\"auto, (max-width: 1024px) 100vw, 1024px\" \/><\/figure>\n\n\n\n<figure class=\"wp-block-image size-large\"><img loading=\"lazy\" decoding=\"async\" width=\"1024\" height=\"683\" src=\"http:\/\/www.bengaldesterresdeneith.fr\/wp-content\/uploads\/2024\/10\/FB_IMG_1697478171562-1024x683.jpg\" alt=\"\" class=\"wp-image-67\" srcset=\"https:\/\/www.bengaldesterresdeneith.fr\/wp-content\/uploads\/2024\/10\/FB_IMG_1697478171562-1024x683.jpg 1024w, https:\/\/www.bengaldesterresdeneith.fr\/wp-content\/uploads\/2024\/10\/FB_IMG_1697478171562-300x200.jpg 300w, https:\/\/www.bengaldesterresdeneith.fr\/wp-content\/uploads\/2024\/10\/FB_IMG_1697478171562-768x512.jpg 768w, https:\/\/www.bengaldesterresdeneith.fr\/wp-content\/uploads\/2024\/10\/FB_IMG_1697478171562.jpg 1079w\" sizes=\"auto, (max-width: 1024px) 100vw, 1024px\" \/><\/figure>\n\n\n\n<figure class=\"wp-block-image size-large\"><img loading=\"lazy\" decoding=\"async\" width=\"678\" height=\"1024\" src=\"http:\/\/www.bengaldesterresdeneith.fr\/wp-content\/uploads\/2024\/10\/FB_IMG_1697478442758-678x1024.jpg\" alt=\"\" class=\"wp-image-70\" srcset=\"https:\/\/www.bengaldesterresdeneith.fr\/wp-content\/uploads\/2024\/10\/FB_IMG_1697478442758-678x1024.jpg 678w, https:\/\/www.bengaldesterresdeneith.fr\/wp-content\/uploads\/2024\/10\/FB_IMG_1697478442758-199x300.jpg 199w, https:\/\/www.bengaldesterresdeneith.fr\/wp-content\/uploads\/2024\/10\/FB_IMG_1697478442758-768x1160.jpg 768w, https:\/\/www.bengaldesterresdeneith.fr\/wp-content\/uploads\/2024\/10\/FB_IMG_1697478442758-1017x1536.jpg 1017w, https:\/\/www.bengaldesterresdeneith.fr\/wp-content\/uploads\/2024\/10\/FB_IMG_1697478442758.jpg 1080w\" sizes=\"auto, (max-width: 678px) 100vw, 678px\" \/><\/figure>\n<\/div>\n\n\n\n<div class=\"wp-block-group alignfull has-base-2-background-color has-background has-global-padding is-layout-constrained wp-container-core-group-is-layout-669513ed wp-block-group-is-layout-constrained\" style=\"margin-top:0;margin-bottom:0;padding-top:var(--wp--preset--spacing--50);padding-right:var(--wp--preset--spacing--50);padding-bottom:var(--wp--preset--spacing--50);padding-left:var(--wp--preset--spacing--50)\">\n<div class=\"wp-block-group is-vertical is-content-justification-center is-layout-flex wp-container-core-group-is-layout-52b864f0 wp-block-group-is-layout-flex\">\n<h2 class=\"wp-block-heading has-text-align-center is-style-asterisk\">Les juges proc\u00e8dent \u00e0 des jugements et des nominations durant ces expositions<\/h2>\n\n\n\n<div style=\"height:0px\" aria-hidden=\"true\" class=\"wp-block-spacer wp-container-content-4f2ccadb\"><\/div>\n\n\n\n<p class=\"has-text-align-center\">Nos chats sont multir\u00e9compens\u00e9s et certains, qui ont d\u00e9but\u00e9 depuis plus longtemps que d&#8217;autres, ont atteints le niveau maximum en terme prix et de titres. Nous sommes tr\u00e8s fiers d&#8217;eux.<\/p>\n\n\n\n<div style=\"margin-top:0;margin-bottom:0;height:0px\" aria-hidden=\"true\" class=\"wp-block-spacer wp-container-content-9d1f8957\"><\/div>\n<\/div>\n\n\n\n<div class=\"wp-block-columns alignwide is-layout-flex wp-container-core-columns-is-layout-d0bbbce0 wp-block-columns-is-layout-flex\">\n<div class=\"wp-block-column is-layout-flow wp-container-core-column-is-layout-e3d1c41b wp-block-column-is-layout-flow\">\n<p class=\"has-text-align-left\"><\/p>\n<\/div>\n<\/div>\n<\/div>\n","protected":false},"excerpt":{"rendered":"<p>Les expositions sont toujours l&#8217;occasion de d\u00e9couvrir et de red\u00e9couvrir sa race Elles permettent de prendre connaissance du standard de la race et sont le meilleur moyen pour \u00e9voluer et apprendre. C&#8217;est toujours avec plaisir que nous participons \u00e0 des expositions f\u00e9lines et voici quelques photos de ces moments conviviaux avec les autres amis \u00e9leveurs [&hellip;]<\/p>\n","protected":false},"author":1,"featured_media":0,"parent":0,"menu_order":0,"comment_status":"closed","ping_status":"closed","template":"","meta":{"footnotes":""},"class_list":["post-117","page","type-page","status-publish","hentry"],"yoast_head":"<!-- This site is optimized with the Yoast SEO plugin v24.0 - https:\/\/yoast.com\/wordpress\/plugins\/seo\/ -->\n<title>Expositions f\u00e9lines - Accueil %<\/title>\n<meta name=\"robots\" content=\"index, follow, max-snippet:-1, max-image-preview:large, max-video-preview:-1\" \/>\n<link rel=\"canonical\" href=\"https:\/\/www.bengaldesterresdeneith.fr\/index.php\/expositions-felines\/\" \/>\n<meta property=\"og:locale\" content=\"en_US\" \/>\n<meta property=\"og:type\" content=\"article\" \/>\n<meta property=\"og:title\" content=\"Expositions f\u00e9lines - Accueil %\" \/>\n<meta property=\"og:description\" content=\"Les expositions sont toujours l&#8217;occasion de d\u00e9couvrir et de red\u00e9couvrir sa race Elles permettent de prendre connaissance du standard de la race et sont le meilleur moyen pour \u00e9voluer et apprendre. C&#8217;est toujours avec plaisir que nous participons \u00e0 des expositions f\u00e9lines et voici quelques photos de ces moments conviviaux avec les autres amis \u00e9leveurs [&hellip;]\" \/>\n<meta property=\"og:url\" content=\"https:\/\/www.bengaldesterresdeneith.fr\/index.php\/expositions-felines\/\" \/>\n<meta property=\"og:site_name\" content=\"Accueil\" \/>\n<meta property=\"article:publisher\" content=\"https:\/\/www.facebook.com\/chatteriedesterresdeneith\" \/>\n<meta property=\"article:modified_time\" content=\"2024-12-15T17:04:10+00:00\" \/>\n<meta property=\"og:image\" content=\"http:\/\/www.bengaldesterresdeneith.fr\/wp-content\/uploads\/2024\/10\/FB_IMG_1682959484588.jpg\" \/>\n<meta name=\"twitter:card\" content=\"summary_large_image\" \/>\n<meta name=\"twitter:label1\" content=\"Est. reading time\" \/>\n\t<meta name=\"twitter:data1\" content=\"2 minutes\" \/>\n<script type=\"application\/ld+json\" class=\"yoast-schema-graph\">{\"@context\":\"https:\/\/schema.org\",\"@graph\":[{\"@type\":\"WebPage\",\"@id\":\"https:\/\/www.bengaldesterresdeneith.fr\/index.php\/expositions-felines\/\",\"url\":\"https:\/\/www.bengaldesterresdeneith.fr\/index.php\/expositions-felines\/\",\"name\":\"Expositions f\u00e9lines - Accueil %\",\"isPartOf\":{\"@id\":\"https:\/\/www.bengaldesterresdeneith.fr\/#website\"},\"primaryImageOfPage\":{\"@id\":\"https:\/\/www.bengaldesterresdeneith.fr\/index.php\/expositions-felines\/#primaryimage\"},\"image\":{\"@id\":\"https:\/\/www.bengaldesterresdeneith.fr\/index.php\/expositions-felines\/#primaryimage\"},\"thumbnailUrl\":\"http:\/\/www.bengaldesterresdeneith.fr\/wp-content\/uploads\/2024\/10\/FB_IMG_1682959484588.jpg\",\"datePublished\":\"2024-10-13T20:35:06+00:00\",\"dateModified\":\"2024-12-15T17:04:10+00:00\",\"breadcrumb\":{\"@id\":\"https:\/\/www.bengaldesterresdeneith.fr\/index.php\/expositions-felines\/#breadcrumb\"},\"inLanguage\":\"en-US\",\"potentialAction\":[{\"@type\":\"ReadAction\",\"target\":[\"https:\/\/www.bengaldesterresdeneith.fr\/index.php\/expositions-felines\/\"]}]},{\"@type\":\"ImageObject\",\"inLanguage\":\"en-US\",\"@id\":\"https:\/\/www.bengaldesterresdeneith.fr\/index.php\/expositions-felines\/#primaryimage\",\"url\":\"https:\/\/www.bengaldesterresdeneith.fr\/wp-content\/uploads\/2024\/10\/FB_IMG_1682959484588.jpg\",\"contentUrl\":\"https:\/\/www.bengaldesterresdeneith.fr\/wp-content\/uploads\/2024\/10\/FB_IMG_1682959484588.jpg\",\"width\":1079,\"height\":720},{\"@type\":\"BreadcrumbList\",\"@id\":\"https:\/\/www.bengaldesterresdeneith.fr\/index.php\/expositions-felines\/#breadcrumb\",\"itemListElement\":[{\"@type\":\"ListItem\",\"position\":1,\"name\":\"Accueil\",\"item\":\"https:\/\/www.bengaldesterresdeneith.fr\/\"},{\"@type\":\"ListItem\",\"position\":2,\"name\":\"Expositions f\u00e9lines\"}]},{\"@type\":\"WebSite\",\"@id\":\"https:\/\/www.bengaldesterresdeneith.fr\/#website\",\"url\":\"https:\/\/www.bengaldesterresdeneith.fr\/\",\"name\":\"Bengal des Terres de Neith\",\"description\":\"Chatterie des Terres de Neith- Elevage de bengal\",\"publisher\":{\"@id\":\"https:\/\/www.bengaldesterresdeneith.fr\/#organization\"},\"potentialAction\":[{\"@type\":\"SearchAction\",\"target\":{\"@type\":\"EntryPoint\",\"urlTemplate\":\"https:\/\/www.bengaldesterresdeneith.fr\/?s={search_term_string}\"},\"query-input\":{\"@type\":\"PropertyValueSpecification\",\"valueRequired\":true,\"valueName\":\"search_term_string\"}}],\"inLanguage\":\"en-US\"},{\"@type\":\"Organization\",\"@id\":\"https:\/\/www.bengaldesterresdeneith.fr\/#organization\",\"name\":\"Bengal des Terres de Neith\",\"url\":\"https:\/\/www.bengaldesterresdeneith.fr\/\",\"logo\":{\"@type\":\"ImageObject\",\"inLanguage\":\"en-US\",\"@id\":\"https:\/\/www.bengaldesterresdeneith.fr\/#\/schema\/logo\/image\/\",\"url\":\"https:\/\/www.bengaldesterresdeneith.fr\/wp-content\/uploads\/2024\/10\/Designer-4.jpeg\",\"contentUrl\":\"https:\/\/www.bengaldesterresdeneith.fr\/wp-content\/uploads\/2024\/10\/Designer-4.jpeg\",\"width\":1024,\"height\":1024,\"caption\":\"Bengal des Terres de Neith\"},\"image\":{\"@id\":\"https:\/\/www.bengaldesterresdeneith.fr\/#\/schema\/logo\/image\/\"},\"sameAs\":[\"https:\/\/www.facebook.com\/chatteriedesterresdeneith\",\"https:\/\/www.instagram.com\/bengal_terres_de_neith\/\",\"https:\/\/www.tiktok.com\/@chatterieterresdeneith?lang=fr\"]}]}<\/script>\n<!-- \/ Yoast SEO plugin. -->","yoast_head_json":{"title":"Expositions f\u00e9lines - Accueil %","robots":{"index":"index","follow":"follow","max-snippet":"max-snippet:-1","max-image-preview":"max-image-preview:large","max-video-preview":"max-video-preview:-1"},"canonical":"https:\/\/www.bengaldesterresdeneith.fr\/index.php\/expositions-felines\/","og_locale":"en_US","og_type":"article","og_title":"Expositions f\u00e9lines - Accueil %","og_description":"Les expositions sont toujours l&#8217;occasion de d\u00e9couvrir et de red\u00e9couvrir sa race Elles permettent de prendre connaissance du standard de la race et sont le meilleur moyen pour \u00e9voluer et apprendre. C&#8217;est toujours avec plaisir que nous participons \u00e0 des expositions f\u00e9lines et voici quelques photos de ces moments conviviaux avec les autres amis \u00e9leveurs [&hellip;]","og_url":"https:\/\/www.bengaldesterresdeneith.fr\/index.php\/expositions-felines\/","og_site_name":"Accueil","article_publisher":"https:\/\/www.facebook.com\/chatteriedesterresdeneith","article_modified_time":"2024-12-15T17:04:10+00:00","og_image":[{"url":"http:\/\/www.bengaldesterresdeneith.fr\/wp-content\/uploads\/2024\/10\/FB_IMG_1682959484588.jpg","type":"","width":"","height":""}],"twitter_card":"summary_large_image","twitter_misc":{"Est. reading time":"2 minutes"},"schema":{"@context":"https:\/\/schema.org","@graph":[{"@type":"WebPage","@id":"https:\/\/www.bengaldesterresdeneith.fr\/index.php\/expositions-felines\/","url":"https:\/\/www.bengaldesterresdeneith.fr\/index.php\/expositions-felines\/","name":"Expositions f\u00e9lines - Accueil %","isPartOf":{"@id":"https:\/\/www.bengaldesterresdeneith.fr\/#website"},"primaryImageOfPage":{"@id":"https:\/\/www.bengaldesterresdeneith.fr\/index.php\/expositions-felines\/#primaryimage"},"image":{"@id":"https:\/\/www.bengaldesterresdeneith.fr\/index.php\/expositions-felines\/#primaryimage"},"thumbnailUrl":"http:\/\/www.bengaldesterresdeneith.fr\/wp-content\/uploads\/2024\/10\/FB_IMG_1682959484588.jpg","datePublished":"2024-10-13T20:35:06+00:00","dateModified":"2024-12-15T17:04:10+00:00","breadcrumb":{"@id":"https:\/\/www.bengaldesterresdeneith.fr\/index.php\/expositions-felines\/#breadcrumb"},"inLanguage":"en-US","potentialAction":[{"@type":"ReadAction","target":["https:\/\/www.bengaldesterresdeneith.fr\/index.php\/expositions-felines\/"]}]},{"@type":"ImageObject","inLanguage":"en-US","@id":"https:\/\/www.bengaldesterresdeneith.fr\/index.php\/expositions-felines\/#primaryimage","url":"https:\/\/www.bengaldesterresdeneith.fr\/wp-content\/uploads\/2024\/10\/FB_IMG_1682959484588.jpg","contentUrl":"https:\/\/www.bengaldesterresdeneith.fr\/wp-content\/uploads\/2024\/10\/FB_IMG_1682959484588.jpg","width":1079,"height":720},{"@type":"BreadcrumbList","@id":"https:\/\/www.bengaldesterresdeneith.fr\/index.php\/expositions-felines\/#breadcrumb","itemListElement":[{"@type":"ListItem","position":1,"name":"Accueil","item":"https:\/\/www.bengaldesterresdeneith.fr\/"},{"@type":"ListItem","position":2,"name":"Expositions f\u00e9lines"}]},{"@type":"WebSite","@id":"https:\/\/www.bengaldesterresdeneith.fr\/#website","url":"https:\/\/www.bengaldesterresdeneith.fr\/","name":"Bengal des Terres de Neith","description":"Chatterie des Terres de Neith- Elevage de bengal","publisher":{"@id":"https:\/\/www.bengaldesterresdeneith.fr\/#organization"},"potentialAction":[{"@type":"SearchAction","target":{"@type":"EntryPoint","urlTemplate":"https:\/\/www.bengaldesterresdeneith.fr\/?s={search_term_string}"},"query-input":{"@type":"PropertyValueSpecification","valueRequired":true,"valueName":"search_term_string"}}],"inLanguage":"en-US"},{"@type":"Organization","@id":"https:\/\/www.bengaldesterresdeneith.fr\/#organization","name":"Bengal des Terres de Neith","url":"https:\/\/www.bengaldesterresdeneith.fr\/","logo":{"@type":"ImageObject","inLanguage":"en-US","@id":"https:\/\/www.bengaldesterresdeneith.fr\/#\/schema\/logo\/image\/","url":"https:\/\/www.bengaldesterresdeneith.fr\/wp-content\/uploads\/2024\/10\/Designer-4.jpeg","contentUrl":"https:\/\/www.bengaldesterresdeneith.fr\/wp-content\/uploads\/2024\/10\/Designer-4.jpeg","width":1024,"height":1024,"caption":"Bengal des Terres de Neith"},"image":{"@id":"https:\/\/www.bengaldesterresdeneith.fr\/#\/schema\/logo\/image\/"},"sameAs":["https:\/\/www.facebook.com\/chatteriedesterresdeneith","https:\/\/www.instagram.com\/bengal_terres_de_neith\/","https:\/\/www.tiktok.com\/@chatterieterresdeneith?lang=fr"]}]}},"_links":{"self":[{"href":"https:\/\/www.bengaldesterresdeneith.fr\/index.php\/wp-json\/wp\/v2\/pages\/117","targetHints":{"allow":["GET"]}}],"collection":[{"href":"https:\/\/www.bengaldesterresdeneith.fr\/index.php\/wp-json\/wp\/v2\/pages"}],"about":[{"href":"https:\/\/www.bengaldesterresdeneith.fr\/index.php\/wp-json\/wp\/v2\/types\/page"}],"author":[{"embeddable":true,"href":"https:\/\/www.bengaldesterresdeneith.fr\/index.php\/wp-json\/wp\/v2\/users\/1"}],"replies":[{"embeddable":true,"href":"https:\/\/www.bengaldesterresdeneith.fr\/index.php\/wp-json\/wp\/v2\/comments?post=117"}],"version-history":[{"count":4,"href":"https:\/\/www.bengaldesterresdeneith.fr\/index.php\/wp-json\/wp\/v2\/pages\/117\/revisions"}],"predecessor-version":[{"id":161,"href":"https:\/\/www.bengaldesterresdeneith.fr\/index.php\/wp-json\/wp\/v2\/pages\/117\/revisions\/161"}],"wp:attachment":[{"href":"https:\/\/www.bengaldesterresdeneith.fr\/index.php\/wp-json\/wp\/v2\/media?parent=117"}],"curies":[{"name":"wp","href":"https:\/\/api.w.org\/{rel}","templated":true}]}}